e greatest common factor of 187 and i.
11
Let p(x) = 11*x**2 + 12*x + 3. Let c be p(-8). Let b = 29030 + -28983. Calculate the highest common divisor of b and c.
47
Let j(a) be the second derivative of 7*a**4/6 - 5*a**3/6 - a**2/2 + 37*a. Let n be j(1). Calculate the greatest common factor of 152 and n.
8
Let x(i) = 62*i**3 - 3*i**2 + 11*i - 16. Let v be x(2). What is the highest common divisor of 2646 and v?
98
Let z(l) = 12*l**2 - 95*l - 734. Let p be z(-7). Calculate the highest common divisor of p and 5536.
173
Suppose -133 = -47*n + 8. Calculate the highest common divisor of n and 19.
1
Let c(x) = 210*x**2 - 4*x + 6. Let v be c(2). Suppose 9*t + v - 55 = 0. Let f = 84 - t. What is the highest common factor of 19 and f?
19
Suppose 0 = -24*c + 15*c. Suppose c = -4*d + y + 58, 3*d - 47 = -y - 7. What is the highest common factor of d and 70?
14
Suppose 3*r - 3*t - 345 = 0, -r + 3*t + 7 = -100. Calculate the greatest common divisor of r and 1377.
17
Let g = 109 - -8. Suppose -22*u + g = 7. What is the greatest common divisor of u and 5?
5
Let w(f) = -3*f**2 + 274*f + 287. Let h be w(89). What is the greatest common divisor of 260 and h?
130
Suppose 15*b - 16*b = -2*c - 18, 4*b = 3*c + 62. What is the highest common divisor of 14 and b?
14
Let v be 11/((-484)/297) + 10/(-8). Let a be (-1008)/189*-561*(-2)/v. Calculate the greatest common divisor of a and 11.
11
Suppose 27 = 4*p - d, 4*d + 5 = 2*p - 5. Suppose 8*g - p*g = 5*m + 26, -m - 8 = -3*g. Calculate the highest common divisor of 16 and g.
1
Suppose 456 + 360 = 34*d. Calculate the greatest common factor of 192 and d.
24
Let d = 59 + -57. Suppose -4*m - 244 = 5*h, 116 = -d*h + 5*m + 25. Let w = h + 93. Calculate the greatest common factor of w and 9.
9
Let r be (5190/(-60))/((-2)/168 - 0). Calculate the greatest common factor of r and 42.
42
Suppose -35 = -16*h + 201 + 20. Let u = -74 + 202. What is the greatest common factor of h and u?
16
Suppose 8694 = b + 2*u, -4710 = 4*b - 5*u - 39421. What is the highest common factor of b and 156?
52
Let y be -7 - (26 - 11)*1/(-3). Let h be (-587)/(-9) + y/9. Suppose 5*m = 2*t, -21 = 2*t - 5*t - 3*m. What is the highest common factor of h and t?
5
Suppose -2*j - 4*m = -5*j + 287, -343 = -3*j - 4*m. Let i = 31 + 4. Calculate the highest common divisor of i and j.
35
Suppose x + 9 = -3*j + 7*j, -x = j + 4. Let i be (-4 + 8/(-6)*-3)*1. Suppose 12*p + i = 12. Calculate the highest common factor of p and j.
1
Suppose 38*m = 14267 + 14220 + 16087. Calculate the greatest common factor of 161 and m.
23
Let n(x) = 517*x - 327*x - 270*x - 12. Let f be n(-1). Calculate the greatest common divisor of 544 and f.
68
Let o = 37 + -33. Suppose -55 = -4*d - 6*q + q, 28 = o*d - 4*q. Suppose l - d = -7. What is the highest common divisor of l and 15?
3
Let j be (-2)/(-8) - 107/(-4). Suppose -5*c = 3*h - 1119, -8*h - 429 = -2*c - 3*h. Suppose -c*o = -224*o + 18. Calculate the highest common divisor of j and o.
9
Let f(s) = -11*s**2 + 6*s - 25. Let r be f(-10). Let v be ((-35)/5)/7 - r/1. What is the greatest common factor of v and 37?
37
Suppose 7*v - 50 = 2*v. Let w be 252 + 36/(-20)*v/(-6). Calculate the greatest common factor of w and 51.
51
Let v = 47 + -45. Suppose -v*q + 33 = -5*y, 2*q - y + 15 = 4*q. Calculate the greatest common factor of 3 and q.
3
Let y = 54 - -37. Suppose -418*u = -376*u - 882. What is the highest common factor of y and u?
7
Let z(r) = 16*r + 848. Let l be z(19). Calculate the highest common divisor of 72 and l.
72
Let z(q) = q**2 + 51*q + 108. Let x be z(-47). Let j be (x/(-65))/(-8) - 782/(-13). Calculate the greatest common divisor of j and 80.
20
Let y(p) = -19*p - 183. Let o(q) = 6*q + 61. Let u(x) = -8*o(x) - 3*y(x). Let r be u(-4). Calculate the highest common divisor of 50 and r.
25
Let l be (13824/44 - 1) + (-2)/11. Let r = -302 + l. Calculate the highest common divisor of r and 99.
11
Suppose 9374 = 5*o + 4*p, -100*o + 99*o + 5*p = -1869. What is the greatest common divisor of 4 and o?
2
Suppose -239*p + 20497 = -34234. Suppose -2*u - u = -18. Suppose -u*l + p = -527. What is the greatest common factor of 14 and l?
14
Suppose 3*y + 3*o - 237 = 0, -3*y + 2*o + 236 = 4*o. Suppose 80*m - 21462 = -6902. What is the greatest common divisor of m and y?
26
Let q be (-28)/(-6)*(1/7)/((-7)/(-14910)). Calculate the greatest common divisor of 820 and q.
20
Let z = -402 + 407. Let d(n) be the third derivative of n**5/60 - n**4/4 - 5*n**3/2 - 2*n**2. Let g be d(11). What is the highest common divisor of g and z?
5
Let a be (-70 - -3)/(-1*1). Let b be (-8 + (-125)/(-15))*1407. What is the greatest common divisor of a and b?
67
Let u(l) = l**3 - 8*l**2 + 18*l - 10. Let t be u(5). Suppose 240 = t*g - 710. What is the greatest common divisor of g and 20?
10
Let f(q) = 421*q - 4818. Let p be f(12). What is the highest common divisor of p and 108?
18
Let z(o) = -6*o - 2*o + 4*o - 6. Suppose 5*u = -1218*q + 1219*q - 35, u + 13 = -q. Let x be z(q). Calculate the greatest common factor of x and 112.
14
Let k be (-9 - -6)*(-3)/(-9). Let c be (13 - -5) + k + 3. What is the greatest common divisor of c and 20?
20
Let j(n) = n + 18. Let a be j(-3). Let m(s) = -9*s + 9. Let o be m(-3). Suppose o = 5*x + x. Calculate the highest common factor of x and a.
3
Let j be 0/(-6*(-5)/15). Suppose -5*d + 6 - 51 = j. Let x be 2/(-9) - 56/d. What is the greatest common factor of 9 and x?
3
Let k = 8885 + -8771. Suppose 0 = 3*x - y - 140, -3*y + 116 = 2*x + 2*y. Calculate the highest common factor of k and x.
6
Suppose -5*h - 4*m = -h - 40, 5*h + 3*m - 54 = 0. Suppose -h*g + 4*g = -47872. Let z be (-4)/(-26) + g/143. What is the highest common factor of z and 105?
21
Let r = -76 + 76. Suppose 6 = -m - w, -5*m - 2*w - 21 = -r*w. Let d be 217 - (0 - m)/3. What is the highest common factor of 27 and d?
27
Let n(v) = 2*v**3 - v**2 - v + 5. Suppose -2*a + 2 = -o + 2*o, 0 = 3*a. Let m be n(o). Calculate the greatest common factor of m and 5.
5
Let w = 4541 + -4522. Suppose 0 = 5*g - 5 + 30, 0 = -5*m - 4*g + 170. Calculate the greatest common factor of w and m.
19
Let c(h) = -33*h - 54. Let q be c(11). Let b = -374 - q. Calculate the highest common factor of b and 43.
43
Suppose 939 + 231 = 424*v - 359*v. Suppose -5*l = 663 - 2733. Calculate the highest common divisor of l and v.
18
Suppose 0 = -96*g + 7342 + 146. Let o = 553 + -280. What is the greatest common factor of g and o?
39
Let m(w) = w**2 - 7*w - 20. Let k be m(11). Suppose 3*s + 309 = -0*s + 2*y, -206 = 2*s - 4*y. Let d = -97 - s. What is the highest common divisor of d and k?
6
Let d be (8 + -16 - -11)*(40/6)/4. What is the greatest common factor of d and 79?
1
Let d = -2235 + 18608. What is the highest common divisor of 14 and d?
7
Suppose 5*c + 44*p = 42*p + 246, 0 = -p - 2. Calculate the highest common factor of 7675 and c.
25
Suppose c = 5*c + 20, 21 = a + 4*c. Suppose -58*p + a*p = -238. Calculate the greatest common factor of p and 154.
14
Let n(z) = z**3 + 6*z**2 + z - 2. Let w be n(-6). Let v be (-1 - -783) + w + (-25)/(-5). Calculate the highest common divisor of 19 and v.
19
Let q = -229 - -231. Let k be ((-355)/(-15) - -1) + (-2)/(-6). Suppose 0 = k*h - 30*h + 10. Calculate the greatest common divisor of h and q.
2
Let c be (-474)/(-11)*440/60. What is the greatest common divisor of c and 4582?
158
Let p(m) = -5*m**2 - 21*m. Let k be p(-4). Let h be 44*(7/(-2) + k)/1. Suppose -92 = -5*v + 18. Calculate the highest common factor of h and v.
22
Let h(v) = -41*v + 13. Let l be h(-11). Suppose 0 = -2*i - 2*r + 120, -5*i + 5*r + 55 = -225. Calculate the greatest common factor of l and i.
58
Suppose 0*v = 3*v - 4*w - 402, 4*w = 0. Suppose 3*q = v + 298. What is the greatest common divisor of q and 18?
18
Let n(j) = j**3 + 29*j**2 - 32*j - 35. Let s be ((-8)/6)/((-50)/(-1125)). Let x be n(s). Let d = -58 - -63. What is the highest common factor of d and x?
5
Let o be (-1)/((-1)/(-5)) - -3. Let i be (o*5)/(6/(-12)). Let y(p) = 8*p**3. Let d be y(1). Calculate the greatest common divisor of d and i.
4
Let d(l) = -l**3 + 5*l**2 - l - 2. Let f = -45 - -45. Suppose f = n - 5 + 3, -6 = z - 5*n. Let x be d(z). What is the highest common factor of x and 110?
10
Suppose 0 = -91*q + 102 + 353. Let w = -159 + 314. Cal